f i?
3, 419
Suppose 2*q - 190 = -3*q. What are the prime factors of 4 - (-9)/6*q?
61
Let i(f) = 6*f**2 - 13*f. Let z be i(8). Suppose 0 = -2*d - 2*d + z. What are the prime factors of 28/d + (-78)/(-5)?
2
Let k(v) = -v - 7. Let u(x) = 5*x**2 + 7*x - 8. Let y(h) = -4*h**2 - 8*h + 9. Let j(p) = -7*u(p) - 6*y(p). Let a be j(1). What are the prime factors of k(a)?
3
Let x be (6 - 0)/(2/(-3)). Let a(w) = -w**2 - 10*w - 4. Let v be a(x). Suppose 0*y = -3*y - h + 69, -v*h + 57 = 3*y. What are the prime factors of y?
2, 3
Suppose -8 = 3*u - 5*u. Suppose u*t + 109 = -59. Let g = -23 - t. What are the prime factors of g?
19
Let g(s) = -124*s - 281. List the prime factors of g(-12).
17, 71
Suppose 5 = 6*d - 19. Suppose 3*s - 84 = -3*k, 5*s + 0*s = d*k - 94. What are the prime factors of k?
2, 13
Let r(b) = b**3 + 4*b**2 - 2. Let v be r(-3). Suppose p = 5*p - 212. Suppose p - v = 2*z. List the prime factors of z.
23
Let p(r) = r**3 - 3*r**2 + 7*r - 5. Let n = 36 - 31. What are the prime factors of p(n)?
2, 5
Let c = 21 - 4. Suppose 4*r + 11 = -c. Let g(s) = -s**2 - 9*s - 6. What are the prime factors of g(r)?
2
Let j(n) be the third derivative of 0 + 0*n**3 - n**2 + 0*n + 13/24*n**4. What are the prime factors of j(1)?
13
Let o = 59 + -39. Suppose 7*w = 2*w - o. Let q = w + 23. List the prime factors of q.
19
Let g(m) = 9*m - 11*m + m**3 - 13*m - 16*m**2 - 16. What are the prime factors of g(17)?
2, 3
Let u(k) = k**2 + k + 36. Let j be u(6). Let o be (-1 - 0)*1*-45. Let p = j - o. What are the prime factors of p?
3, 11
Suppose 115*c = 93127 + 84088. List the prime factors of c.
23, 67
Suppose -10*u + 12*u = 2954. What are the prime factors of u?
7, 211
Let g = 47 + -43. Suppose u + g*u - 730 = -5*q, -u + 3*q = -154. What are the prime factors of u?
2, 37
Let w(k) = 68*k**2 + 16*k + 5. What are the prime factors of w(-5)?
5, 13
Let i = -358 - -521. List the prime factors of i.
163
Let r(j) = -21*j**3 - 2*j**2 - j + 10. What are the prime factors of r(-3)?
2, 281
Let d = -49 - -76. Suppose -d + 4 = -b. List the prime factors of b.
23
Suppose z = 6*z - 20, 12 = -4*q + 5*z. Suppose -54 = -3*c + q*c - 2*o, 0 = 2*c + o - 111. What are the prime factors of c?
2, 7
Let q(v) = v**3 - v**2 - 4*v + 4149. List the prime factors of q(0).
3, 461
Let f(r) = -r**3 - 7*r**2 + 1. Let w be f(-7). Let p be w + -1 + -3 + 1. What are the prime factors of (5 - 10)/(5/p)?
2
Let f = 291 - -706. List the prime factors of f.
997
Let d(s) = s**3 - 6*s**2 - s + 2. Let i be d(5). Let f be ((-96)/i)/(2/56). Suppose -3*y + 0*y + f = 0. List the prime factors of y.
2
Let n = 51 + -51. Suppose 4*y - 56 + 8 = n. What are the prime factors of y?
2, 3
Suppose 2*x = 64 - 18. Suppose 2*c - 7 = x. Suppose -2*h - 1 = -c. What are the prime factors of h?
7
Suppose -5*i + 13 + 77 = 0. Let h = i - 18. Suppose 5*g - 73 = -4*c, -g + 3 - 2 = h. What are the prime factors of c?
17
Let f(m) = -5*m - 2. Let g be f(-9). Suppose -10 = -w + g. Let q = w - 37. What are the prime factors of q?
2
Suppose -343 + 37 = -4*q - 3*o, -2*o + 230 = 3*q. List the prime factors of q.
2, 3, 13
Let g(z) = -z**2 - 8*z. Let v be (2/(-8))/((-4)/112). Let k be g(v). What are the prime factors of (k/25)/((-2)/10)?
3, 7
Suppose 6*o = -5*f + 9*o + 22025, -f = -o - 4407. List the prime factors of f.
2, 31, 71
Let o be (-9)/((24/28)/6). Let l = -36 - o. What are the prime factors of l?
3
Suppose -4*a + 16851 = -r, -11120 = -3*a + 5*r + 1497. What are the prime factors of a?
2, 7, 43
Suppose 389 = 2*t - 367. What are the prime factors of t?
2, 3, 7
List the prime factors of (4*(-4)/(-48))/(4/13956).
1163
Suppose -3*c + 1816 + 2972 = 0. What are the prime factors of c?
2, 3, 7, 19
Let b = 11 - 1. What are the prime factors of b?
2, 5
Suppose -3*t + 116 = 2*w, 3*w + 19 = 4. What are the prime factors of (-9)/1*(-476)/t?
2, 3, 17
Let o(a) = 3*a**2 + 9*a - 3. Let w(j) = -j**2 - 1. Let z(d) = o(d) + 4*w(d). Let p be z(7). Let v(u) = u**3 - 5*u**2 - 10*u + 1. List the prime factors of v(p).
29
Let y = 245 + -165. What are the prime factors of (-8)/(y/1665)*(-4)/6?
3, 37
Let h(p) be the first derivative of -23*p**2/2 - p - 2. Let v be h(2). Let o = -20 - v. What are the prime factors of o?
3
Suppose -3*i = 2*o - 842, -4*i + 1284 = 4*o - 404. List the prime factors of o.
2, 53
Suppose 2*h = 158 - 0. Suppose a = -u - 0*u - 44, 0 = 2*u + 5*a + h. What are the prime factors of 0 + 0/(-4) - u?
47
What are the prime factors of (-24)/(-60) - 19840/(-25)?
2, 397
Suppose -12*j - 85 = -7*j. Let l = j + 19. Suppose -5*u - l*i + 148 = 0, i + 3*i - 116 = -4*u. What are the prime factors of u?
2, 3, 5
Let y(w) = -26*w - 162. Let j be y(-6). Let r(d) = 2*d**2 + 4*d + 6. Let a be r(-6). Let m = j + a. What are the prime factors of m?
2, 3
Let q = -354 - -185. Let n = 255 + q. What are the prime factors of n?
2, 43
Let w(s) = 4*s + 5. Suppose d - 6 = u - 2*u, 2*u - 8 = 0. Let a be (-60)/(-14) + d/(-7). What are the prime factors of w(a)?
3, 7
Let q = 162 + 146. Suppose -137 - q = -5*z. What are the prime factors of z?
89
Suppose 0 = 358*h - 367*h + 23562. What are the prime factors of h?
2, 7, 11, 17
Let u(t) = 2*t**2 + 83*t + 78. List the prime factors of u(-42).
2, 3, 5
Let q(t) be the third derivative of 97*t**4/24 + t**3/3 - 18*t**2. List the prime factors of q(1).
3, 11
Let s = -683 - -1202. List the prime factors of s.
3, 173
Let w(t) = -t + 5. Let y = 23 + -20. Let u be w(y). Suppose u*p - 3*l - 83 = 0, -p = 2*p + l - 97. What are the prime factors of p?
2, 17
Suppose 4*y + 5*u = 669, -3*y + 250 = 3*u - 251. What are the prime factors of y?
2, 83
Let w(n) = n - 20. Let l = -35 + 52. Let q be w(l). Let c = q - -64. What are the prime factors of c?
61
Let v = 9 + -7. Suppose h = -v*h. Suppose -5*c - 6*o + 3*o + 65 = h, -3*c - 4*o + 28 = 0. What are the prime factors of c?
2
Let q = -445 + 885. List the prime factors of q.
2, 5, 11
Suppose 43 = -5*l - 5*k + 3*k, -4*k - 51 = 5*l. Let m be l/(-7) + (0 - -79). Suppose 4*p + p = m. List the prime factors of p.
2
Let j(r) = -258*r + 19. List the prime factors of j(-3).
13, 61
Suppose -18*v + 30*v = 11820. List the prime factors of v.
5, 197
Let z(f) = -f**3 + f**2 + f + 1. Let t(a) = 4*a**3 - 8*a**2 - 5*a - 9. Let g(h) = t(h) + 6*z(h). Let q = -1 - 2. List the prime factors of g(q).
2, 3, 5
What are the prime factors of (-46)/(-207) + 13192/9?
2, 733
Let d = -634 + 1130. What are the prime factors of d?
2, 31
Let d be 62/(-341) - (0 + (-35)/11). What are the prime factors of (-38)/d*(-2 + -4)?
2, 19
Let j(l) = 10*l + 17. Let b be j(-7). Let f = b + 66. What are the prime factors of f?
13
Let q = 84 + 404. List the prime factors of q.
2, 61
List the prime factors of (-7)/((-105)/21475)*(-81)/(-45).
3, 859
Let c be (-20)/8*4/(-2). Let a = 53 - 13. Suppose a + 10 = c*h. What are the prime factors of h?
2, 5
Let i(s) be the third derivative of s**6/120 - 3*s**5/20 - s**4/6 + s**3/3 - 10*s**2. List the prime factors of i(10).
2, 31
List the prime factors of (52/8)/(-1)*-46.
13, 23
Let l be (-5)/(1/2*-1). Suppose -122 = -m - l. Suppose -2*o = 5*t - 140, m = 4*t + 5*o - 0*o. List the prime factors of t.
2, 7
Suppose 286 = 9*n - 11*n. Let q be (-174)/(-11) + (-26)/n. Suppose -s = q - 35. What are the prime factors of s?
19
List the prime factors of 5/(220/(-858)*1/(-4)).
2, 3, 13
Let x = -1408 + 2375. List the prime factors of x.
967
Let b(h) = 22*h - 2. Let n be b(1). Let w(i) = 69*i + 4 - n*i - 6. List the prime factors of w(1).
47
Let y(u) = -u**3 + 15*u**2 - 6*u - 3. Let d be y(15). Let h = -20 - d. List the prime factors of h.
73
Let q(a) = a + 16. Let n be q(-11). What are the prime factors of 104 + (-4)/(n - 1)?
103
Let s = 10 + -6. Suppose 5*m - 419 = s*p, -2*m - m + 4*p = -245. List the prime factors of m.
3, 29
Suppose 0 = 4*w + 6*w - 2190. List the prime factors of w.
3, 73
Suppose 0 = -7*f + 11*f - 832. What are the prime factors of f?
2, 13
What are the prime factors of 1*3410/10 + 0 + -2?
3, 113
Let l = 5 + -5. Suppose l = -2*y + 5*y. Let t(s) = s + 15. What are the prime factors of t(y)?
3, 5
Suppose 27 = -6*y + 3*y. Let t(u) = 14*u + 28. Let o(d) = -5*d - 9. Let w(m) = 17*o(m) + 6*t(m). List the prime factors of w(y).
2, 3
Let y = 1813 - 1117. What are the prime factors of y?
2, 3, 29
Let s = 